hat is -2 + -1331213?
-1331221
In base 13, what is 0 - -5670?
5670
In base 15, what is -a + 39a1a?
39a10
In base 13, what is a - 3151?
-3144
In base 15, what is -2 - 3c72?
-3c74
In base 10, what is -12 - -189052?
189040
In base 4, what is -2011123 - -330?
-2010133
In base 13, what is 18a - -6428?
65b5
In base 7, what is -246 - -46?
-200
In base 8, what is -23 + 553?
530
In base 5, what is 1134104 + -12?
1134042
In base 14, what is bd2 + -20?
bb2
In base 9, what is -1 + -22172?
-22173
In base 16, what is -2 + d81e?
d81c
In base 15, what is 479a4 - b?
47998
In base 4, what is 10001 - -3120?
13121
In base 5, what is -131143 + -132?
-131330
In base 4, what is -10 - -311030?
311020
In base 9, what is -2 + 102750?
102747
In base 12, what is -7a3b3 + 2?
-7a3b1
In base 4, what is -3033200 + -132?
-3033332
In base 16, what is 19c + -ef?
ad
In base 4, what is 132 + -231?
-33
In base 15, what is -d - 2aa6?
-2ab4
In base 8, what is 34 - -45?
101
In base 12, what is 1 - -90b5?
90b6
In base 3, what is 100102211201012 + 11?
100102211201100
In base 12, what is 0 + -30279?
-30279
In base 14, what is 49b + 297?
754
In base 12, what is 5 + a9b7?
aa00
In base 13, what is -1100 - 24?
-1124
In base 6, what is -412 - 2?
-414
In base 10, what is -2 + 191939?
191937
In base 8, what is -5216 + -11?
-5227
In base 7, what is -1 - -144544?
144543
In base 4, what is 22 - 213?
-131
In base 14, what is -37bcb6 + -1?
-37bcb7
In base 6, what is -155440 - 2?
-155442
In base 9, what is -2412 + 41?
-2361
In base 4, what is 10320 + -313?
10001
In base 11, what is 1 - 927a7?
-927a6
In base 6, what is 11 + 24242?
24253
In base 2, what is -1110 + -110100001?
-110101111
In base 9, what is 15 - 1338?
-1323
In base 10, what is -2 - 19521?
-19523
In base 16, what is 165d + -19?
1644
In base 6, what is -123512 - -11?
-123501
In base 14, what is -1 - 29a01b?
-29a01c
In base 8, what is -26144 + -34?
-26200
In base 15, what is 89 + -3c?
4c
In base 10, what is -50 - 507?
-557
In base 15, what is 1 + -a6ad?
-a6ac
In base 3, what is -10 - 1022212202?
-1022212212
In base 9, what is 13823 - -1?
13824
In base 5, what is -322212112 + -3?
-322212120
In base 6, what is -53 - -412?
315
In base 6, what is 10155322 - 0?
10155322
In base 16, what is -a + 1ce5?
1cdb
In base 5, what is 13 + -10044321?
-10044303
In base 16, what is 15 + -486b?
-4856
In base 15, what is 148 - 8?
140
In base 16, what is 297a9 - 5?
297a4
In base 15, what is 6b - 45e?
-3e3
In base 15, what is -5 - -cb7?
cb2
In base 11, what is -33 - 71?
-a4
In base 13, what is -3 - -4424c2?
4424bc
In base 9, what is -2 - 11578?
-11581
In base 3, what is 11011 - 1211102221?
-1211021210
In base 12, what is 9 - 1827?
-181a
In base 16, what is -2 + -879?
-87b
In base 12, what is 814 + 272?
a86
In base 6, what is -10 + -22532?
-22542
In base 8, what is 67516 - 34?
67462
In base 12, what is 4542a - -5?
45433
In base 16, what is -5bd0c - -5?
-5bd07
In base 12, what is -34 - 9362?
-9396
In base 15, what is -1d - -2dd0?
2db2
In base 4, what is -1103303202 - -10?
-1103303132
In base 6, what is 2 + 233404?
233410
In base 4, what is -100 + 1103201?
1103101
In base 4, what is 1111 - 113331?
-112220
In base 16, what is ad9f - 4?
ad9b
In base 9, what is -14502 + 337?
-14154
In base 7, what is -65321 + -5?
-65326
In base 6, what is -10421 + 13?
-10404
In base 5, what is -4 + 313230?
313221
In base 9, what is 2145 + 87?
2243
In base 10, what is -289940 + -1?
-289941
In base 5, what is 124222 + -10?
124212
In base 4, what is -22021111 + 10?
-22021101
In base 4, what is -3231221 - -11?
-3231210
In base 4, what is 132121 + -10110?
122011
In base 9, what is 1 - -151?
152
In base 3, what is 0 + 2120202202010?
2120202202010
In base 6, what is -5311 + -13322?
-23033
In base 3, what is -20102100002 - -2?
-20102100000
In base 8, what is -5421 + 404?
-5015
In base 14, what is -3 - -4798d?
4798a
In base 4, what is 11132300020 - -2?
11132300022
In base 16, what is 1 - 3c9b?
-3c9a
In base 6, what is 25 + 422123?
422152
In base 4, what is 311102 - 11?
311031
In base 4, what is -11 + -233302?
-233313
In base 5, what is -114 - 30242?
-30411
In base 3, what is 200101112 + 20?
200101202
In base 10, what is 300 - 137?
163
In base 9, what is 2 + -1615?
-1613
In base 9, what is -6404 - 17?
-6422
In base 13, what is 36 - 7621?
-75b8
In base 10, what is 3 + -426650?
-426647
In base 11, what is -140132 - 7?
-140139
In base 15, what is 5 + -87663?
-8765d
In base 12, what is -2 - -761?
75b
In base 4, what is 20332 + 201?
21133
In base 7, what is -43615 - 0?
-43615
In base 8, what is -2277 + -16?
-2315
In base 15, what is -4e8 - 2b?
-524
In base 4, what is -200212313 + -2?
-200212321
In base 2, what is 11011001001100011 - -11?
11011001001100110
In base 9, what is -24 - -325103?
325068
In base 8, what is -61114 - -5?
-61107
In base 16, what is -2 - 3b9da?
-3b9dc
In base 11, what is 3436 + -46?
33a0
In base 5, what is -1123010 - -3?
-1123002
In base 15, what is -1e6e - -94?
-1dca
In base 7, what is 3 + 34561?
34564
In base 11, what is -14516 + 1?
-14515
In base 5, what is 0 - 1442103?
-1442103
In base 4, what is 301 + 13?
320
In base 9, what is 7013 - -4?
7017
In base 10, what is 0 - 2376?
-2376
In base 8, what is 402 - -1513?
2115
In base 16, what is 5 + -8c23d?
-8c238
In base 6, what is -25542 - 2301?
-32243
In base 10, what is 1741 + 11?
1752
In base 7, what is 112262 + -214?
112045
In base 3, what is 1 + 10121000011?
10121000012
In base 5, what is -2 - 23204340?
-23204342
In base 13, what is -63 - -78a?
727
In base 7, what is 262 - 12600?
-12305
In base 10, what is -2928 - 1?
-2929
In base 5, what is -141424323 + 1?
-141424322
In base 3, what is 210001 + 1002?
211010
In base 7, what is 116 - 161?
-42
In base 14, what is -5a03 - -1?
-5a02
In base 12, what is 637 + 10a?
745
In base 12, what is -5341 + 6?
-5337
In base 8, what is 3 + -104333?
-104330
In base 16, what is 223 + -110c?
-ee9
In base 13, what is 5 + -18a33?
-18a2b
In base 11, what is 9 + 1a68?
1a76
In base 6, what is 44554014 - 5?
44554005
In base 11, what is -11 + -1270?
-1281
In base 3, what is -101011 - 220011?
-1021022
In base 12, what is 41 - 9a5?
-964
In base 11, what is -3a872 - -1?
-3a871
In base 5, what is 104021 + -1?
104020
In base 13, what is 4 + -30792b?
-307927
In base 9, what is -1 + 13755?
13754
In base 7, what is -150 - 2040?
-2220
In base 12, what is 1a7 + 457?
642
In base 16, what is d - 32?
-25
In base 14, what is -47c20 + -6?
-47c26
In base 11, what is 2545 - -18?
2562
In base 3, what is 21 + -12210101?
-12210010
In base 8, what is -2747 - -2424?
-323
In base 12, what is 1395 - 63?
1332
In base 3, what is 221 + 10210111?
10211102
In base 13, what is -3 - -7729?
7726
In base 14, what is -17096 + 2?
-17094
In base 16, what is 4 - -b103?
b107
In base 6, what is -221 + -44?
-305
In base 9, what is 772 + 3?
775
In base 6, what is 42233 - 21?
42212
In base 4, what is 23 + 1101321?
1102010
In base 9, what is -63218 + 8?
-63210
In base 5, what is 2 - 10244101?
-10244044
In base 8, what is -6313 - -52?
-6241
In base 7, what is -3 + -145250?
-145253
In base 2, what is 100 + 10011111111100101?
10011111111101001
In base 13, what is 5 + -1156?
-1151
In base 9, what is 842 - 1320?
-367
In base 8, what is -1226 + -43?
-1271
In base 6, what is 5 - -1525114?
1525123
In base 11, what is 13397 + 1?
13398
In base 16, what is 21efd - -1?
21efe
In base 11, what is -13 + -80a?
-822
In base 2, what is -11000100000 + -10100?
-11000110100
In base 5, what is 12023 + 123?
12201
In base 16, what is -92 - -d9?
47
In base 2, what is -1101 - -100000011000?
100000001011
In base 12, what is 19ab25 + -2?
19ab23
In base 9, what is 25627 + -3?
25624
In base 8, what is -4075065 - -3?
-4075062
In base 8, what is 61 - 15536?
-15455
In base 4, what is 22 + -131210001?
-131203313
In base 11, what is 4354 - 6?
4349
In base 12, what is 460 - 11?
44b
In base 8, what is 6 + 60223?
60231
In base 10, what is -44 + 4508?
4464
In base 16, what is 1 + -4616e?
-4616d
In base 16, what is 99 - -3468?
3501
In base 5, what is -4031 + -2343?
-11424
In base 9, what is 20603 + 82?
20685
In base 14, what is -1c13 + 8?
-1c09
In base 12, what is 5 + -19a32b?
-19a326
In base 13, what is -3 - -8b1?
8ab
In base 10, what is 18489 + 31?
18520
In base 4, what is -10 -